{"id":50,"date":"2022-05-11T15:29:21","date_gmt":"2022-05-11T13:29:21","guid":{"rendered":"http:\/\/medi-one.fr\/?page_id=50"},"modified":"2022-06-02T09:23:20","modified_gmt":"2022-06-02T07:23:20","slug":"accueil","status":"publish","type":"page","link":"https:\/\/medi-one.fr\/","title":{"rendered":"Accueil"},"content":{"rendered":"\t\t<div data-elementor-type=\"wp-page\" data-elementor-id=\"50\" class=\"elementor elementor-50\">\n\t\t\t\t\t\t\t\t\t<section class=\"has_eae_slider elementor-section elementor-top-section elementor-element elementor-element-26054b4 elementor-section-stretched elementor-section-boxed elementor-section-height-default elementor-section-height-default wpr-particle-no wpr-jarallax-no wpr-parallax-no wpr-sticky-section-no\" data-id=\"26054b4\" data-element_type=\"section\" data-settings=\"{&quot;stretch_section&quot;:&quot;section-stretched&quot;,&quot;_ha_eqh_enable&quot;:false}\">\n\t\t\t\t\t\t<div class=\"elementor-container elementor-column-gap-no\">\n\t\t\t\t\t<div class=\"has_eae_slider elementor-column elementor-col-100 elementor-top-column elementor-element elementor-element-e98e303\" data-id=\"e98e303\" data-element_type=\"column\">\n\t\t\t<div class=\"elementor-widget-wrap elementor-element-populated\">\n\t\t\t\t\t\t\t\t<div class=\"elementor-element elementor-element-fe7ee87 elementor-widget elementor-widget-heading\" data-id=\"fe7ee87\" data-element_type=\"widget\" data-widget_type=\"heading.default\">\n\t\t\t\t<div class=\"elementor-widget-container\">\n\t\t\t<style>\/*! elementor - v3.6.5 - 27-04-2022 *\/\n.elementor-heading-title{padding:0;margin:0;line-height:1}.elementor-widget-heading .elementor-heading-title[class*=elementor-size-]>a{color:inherit;font-size:inherit;line-height:inherit}.elementor-widget-heading .elementor-heading-title.elementor-size-small{font-size:15px}.elementor-widget-heading .elementor-heading-title.elementor-size-medium{font-size:19px}.elementor-widget-heading .elementor-heading-title.elementor-size-large{font-size:29px}.elementor-widget-heading .elementor-heading-title.elementor-size-xl{font-size:39px}.elementor-widget-heading .elementor-heading-title.elementor-size-xxl{font-size:59px}<\/style><h2 class=\"elementor-heading-title elementor-size-small\">D\u00e9couvrez la nouvelle gamme d'ur\u00e9t\u00e9roscopes \u00e0 usage unique avec certification MDR<\/h2>\t\t<\/div>\n\t\t\t\t<\/div>\n\t\t\t\t<div class=\"elementor-element elementor-element-5f1cd8e elementor-aspect-ratio-169 elementor-widget elementor-widget-video\" data-id=\"5f1cd8e\" data-element_type=\"widget\" data-settings=\"{&quot;youtube_url&quot;:&quot;https:\\\/\\\/youtu.be\\\/ik1kBcjTZbg&quot;,&quot;autoplay&quot;:&quot;yes&quot;,&quot;loop&quot;:&quot;yes&quot;,&quot;play_on_mobile&quot;:&quot;yes&quot;,&quot;lazy_load&quot;:&quot;yes&quot;,&quot;video_type&quot;:&quot;youtube&quot;,&quot;aspect_ratio&quot;:&quot;169&quot;}\" data-widget_type=\"video.default\">\n\t\t\t\t<div class=\"elementor-widget-container\">\n\t\t\t<style>\/*! elementor - v3.6.5 - 27-04-2022 *\/\n.elementor-widget-video .elementor-widget-container{overflow:hidden;-webkit-transform:translateZ(0);transform:translateZ(0)}.elementor-widget-video .elementor-open-inline .elementor-custom-embed-image-overlay{position:absolute;top:0;left:0;width:100%;height:100%;background-size:cover;background-position:50%}.elementor-widget-video .elementor-custom-embed-image-overlay{cursor:pointer;text-align:center}.elementor-widget-video .elementor-custom-embed-image-overlay:hover .elementor-custom-embed-play i{opacity:1}.elementor-widget-video .elementor-custom-embed-image-overlay img{display:block;width:100%}.elementor-widget-video .e-hosted-video .elementor-video{-o-object-fit:cover;object-fit:cover}<\/style>\t\t<div class=\"elementor-wrapper elementor-fit-aspect-ratio elementor-open-inline\">\n\t\t\t<div class=\"elementor-video\"><\/div>\t\t<\/div>\n\t\t\t\t<\/div>\n\t\t\t\t<\/div>\n\t\t\t\t\t<\/div>\n\t\t<\/div>\n\t\t\t\t\t\t\t<\/div>\n\t\t<\/section>\n\t\t\t\t<section class=\"has_eae_slider elementor-section elementor-top-section elementor-element elementor-element-1cdea0e elementor-section-full_width elementor-section-stretched elementor-section-height-default elementor-section-height-default wpr-particle-no wpr-jarallax-no wpr-parallax-no wpr-sticky-section-no\" data-id=\"1cdea0e\" data-element_type=\"section\" data-settings=\"{&quot;stretch_section&quot;:&quot;section-stretched&quot;,&quot;background_background&quot;:&quot;classic&quot;,&quot;_ha_eqh_enable&quot;:false}\">\n\t\t\t\t\t\t<div class=\"elementor-container elementor-column-gap-default\">\n\t\t\t\t\t<div class=\"has_eae_slider elementor-column elementor-col-33 elementor-top-column elementor-element elementor-element-e2e1fe8\" data-id=\"e2e1fe8\" data-element_type=\"column\">\n\t\t\t<div class=\"elementor-widget-wrap elementor-element-populated\">\n\t\t\t\t\t\t\t\t<div class=\"elementor-element elementor-element-c448612 elementor-widget elementor-widget-image\" data-id=\"c448612\" data-element_type=\"widget\" data-widget_type=\"image.default\">\n\t\t\t\t<div class=\"elementor-widget-container\">\n\t\t\t<style>\/*! elementor - v3.6.5 - 27-04-2022 *\/\n.elementor-widget-image{text-align:center}.elementor-widget-image a{display:inline-block}.elementor-widget-image a img[src$=\".svg\"]{width:48px}.elementor-widget-image img{vertical-align:middle;display:inline-block}<\/style>\t\t\t\t\t\t\t\t\t\t\t\t<img loading=\"lazy\" decoding=\"async\" width=\"660\" height=\"686\" src=\"https:\/\/medi-one.fr\/wp-content\/uploads\/2022\/05\/Hugemed-LOGO-01-Copie-Copie-3-1-985x1024.jpg\" class=\"attachment-large size-large\" alt=\"\" srcset=\"https:\/\/medi-one.fr\/wp-content\/uploads\/2022\/05\/Hugemed-LOGO-01-Copie-Copie-3-1-985x1024.jpg 985w, https:\/\/medi-one.fr\/wp-content\/uploads\/2022\/05\/Hugemed-LOGO-01-Copie-Copie-3-1-289x300.jpg 289w, https:\/\/medi-one.fr\/wp-content\/uploads\/2022\/05\/Hugemed-LOGO-01-Copie-Copie-3-1-768x798.jpg 768w, https:\/\/medi-one.fr\/wp-content\/uploads\/2022\/05\/Hugemed-LOGO-01-Copie-Copie-3-1.jpg 1314w\" sizes=\"auto, (max-width: 660px) 100vw, 660px\" \/>\t\t\t\t\t\t\t\t\t\t\t\t\t\t\t<\/div>\n\t\t\t\t<\/div>\n\t\t\t\t\t<\/div>\n\t\t<\/div>\n\t\t\t\t<div class=\"has_eae_slider elementor-column elementor-col-33 elementor-top-column elementor-element elementor-element-a81184e\" data-id=\"a81184e\" data-element_type=\"column\">\n\t\t\t<div class=\"elementor-widget-wrap elementor-element-populated\">\n\t\t\t\t\t\t\t\t<div class=\"elementor-element elementor-element-08f26b0 elementor-widget elementor-widget-text-editor\" data-id=\"08f26b0\" data-element_type=\"widget\" data-widget_type=\"text-editor.default\">\n\t\t\t\t<div class=\"elementor-widget-container\">\n\t\t\t<style>\/*! elementor - v3.6.5 - 27-04-2022 *\/\n.elementor-widget-text-editor.elementor-drop-cap-view-stacked .elementor-drop-cap{background-color:#818a91;color:#fff}.elementor-widget-text-editor.elementor-drop-cap-view-framed .elementor-drop-cap{color:#818a91;border:3px solid;background-color:transparent}.elementor-widget-text-editor:not(.elementor-drop-cap-view-default) .elementor-drop-cap{margin-top:8px}.elementor-widget-text-editor:not(.elementor-drop-cap-view-default) .elementor-drop-cap-letter{width:1em;height:1em}.elementor-widget-text-editor .elementor-drop-cap{float:left;text-align:center;line-height:1;font-size:50px}.elementor-widget-text-editor .elementor-drop-cap-letter{display:inline-block}<\/style>\t\t\t\t<p>Depuis 2014 la soci\u00e9t\u00e9 <strong>Hugemed<\/strong> se concentre sur la recherche et le d\u00e9veloppement d\u2019\u00e9quipements m\u00e9dicaux de hautes technologies.<\/p><p>Devenue LEADER sur le march\u00e9 chinois <strong>Hugemed s\u2019est dot\u00e9 d\u2019une \u00e9quipe technique et commerciale forte d\u2019une exp\u00e9rience de plus de 20 ans<\/strong>, favorisant ainsi son d\u00e9veloppement mondial.<\/p><p>La soci\u00e9t\u00e9 <strong>Hugemed<\/strong> a d\u2019ailleurs r\u00e9cemment obtenu sur toute sa gamme \u00ab\u00a0la nouvelle certification MDR 2017\/746\u00a0\u00bb, et est ainsi <strong>aujourd\u2019hui la seule marque d\u2019ur\u00e9t\u00e9roscopes \u00e0 usage unique disposant de ce nouveau marquage CE.<\/strong><\/p><p><strong><u>Medi One, son distributeur exclusif France<\/u><\/strong> est heureux de vous pr\u00e9senter cette nouvelle gamme d\u2019ur\u00e9t\u00e9roscopes \u00e0 usage unique dot\u00e9 d\u2019un capteur <strong>CMOS de haute d\u00e9finition avec <\/strong><strong>160 000 pixels.<\/strong><\/p>\t\t\t\t\t\t<\/div>\n\t\t\t\t<\/div>\n\t\t\t\t\t<\/div>\n\t\t<\/div>\n\t\t\t\t<div class=\"has_eae_slider elementor-column elementor-col-33 elementor-top-column elementor-element elementor-element-42eddb5\" data-id=\"42eddb5\" data-element_type=\"column\">\n\t\t\t<div class=\"elementor-widget-wrap elementor-element-populated\">\n\t\t\t\t\t\t\t\t<div class=\"elementor-element elementor-element-926204c elementor-widget elementor-widget-spacer\" data-id=\"926204c\" data-element_type=\"widget\" data-widget_type=\"spacer.default\">\n\t\t\t\t<div class=\"elementor-widget-container\">\n\t\t\t<style>\/*! elementor - v3.6.5 - 27-04-2022 *\/\n.e-container.e-container--row .elementor-spacer-inner{width:var(--spacer-size)}.e-container.e-container--column .elementor-spacer-inner,.elementor-column .elementor-spacer-inner{height:var(--spacer-size)}<\/style>\t\t<div class=\"elementor-spacer\">\n\t\t\t<div class=\"elementor-spacer-inner\"><\/div>\n\t\t<\/div>\n\t\t\t\t<\/div>\n\t\t\t\t<\/div>\n\t\t\t\t<div class=\"elementor-element elementor-element-6ebb762 elementor-widget elementor-widget-image\" data-id=\"6ebb762\" data-element_type=\"widget\" data-widget_type=\"image.default\">\n\t\t\t\t<div class=\"elementor-widget-container\">\n\t\t\t\t\t\t\t\t\t\t\t\t\t\t\t<img loading=\"lazy\" decoding=\"async\" width=\"660\" height=\"683\" src=\"https:\/\/medi-one.fr\/wp-content\/uploads\/2022\/05\/Hugemed-LOGO-01-Copie-Copie-4-1-989x1024.jpg\" class=\"attachment-large size-large\" alt=\"\" srcset=\"https:\/\/medi-one.fr\/wp-content\/uploads\/2022\/05\/Hugemed-LOGO-01-Copie-Copie-4-1-989x1024.jpg 989w, https:\/\/medi-one.fr\/wp-content\/uploads\/2022\/05\/Hugemed-LOGO-01-Copie-Copie-4-1-290x300.jpg 290w, https:\/\/medi-one.fr\/wp-content\/uploads\/2022\/05\/Hugemed-LOGO-01-Copie-Copie-4-1-768x795.jpg 768w, https:\/\/medi-one.fr\/wp-content\/uploads\/2022\/05\/Hugemed-LOGO-01-Copie-Copie-4-1.jpg 1261w\" sizes=\"auto, (max-width: 660px) 100vw, 660px\" \/>\t\t\t\t\t\t\t\t\t\t\t\t\t\t\t<\/div>\n\t\t\t\t<\/div>\n\t\t\t\t\t<\/div>\n\t\t<\/div>\n\t\t\t\t\t\t\t<\/div>\n\t\t<\/section>\n\t\t\t\t<section class=\"has_eae_slider elementor-section elementor-top-section elementor-element elementor-element-8cc915a elementor-section-boxed elementor-section-height-default elementor-section-height-default wpr-particle-no wpr-jarallax-no wpr-parallax-no wpr-sticky-section-no\" data-id=\"8cc915a\" data-element_type=\"section\" data-settings=\"{&quot;_ha_eqh_enable&quot;:false}\">\n\t\t\t\t\t\t<div class=\"elementor-container elementor-column-gap-default\">\n\t\t\t\t\t<div class=\"has_eae_slider elementor-column elementor-col-100 elementor-top-column elementor-element elementor-element-39a4a20\" data-id=\"39a4a20\" data-element_type=\"column\">\n\t\t\t<div class=\"elementor-widget-wrap elementor-element-populated\">\n\t\t\t\t\t\t\t\t<div class=\"elementor-element elementor-element-11db247 elementor-align-center elementor-widget elementor-widget-button\" data-id=\"11db247\" data-element_type=\"widget\" data-widget_type=\"button.default\">\n\t\t\t\t<div class=\"elementor-widget-container\">\n\t\t\t\t\t<div class=\"elementor-button-wrapper\">\n\t\t\t<a href=\"https:\/\/medi-one.fr\/index.php\/hu-30s\/\" class=\"elementor-button-link elementor-button elementor-size-sm\" role=\"button\">\n\t\t\t\t\t\t<span class=\"elementor-button-content-wrapper\">\n\t\t\t\t\t\t<span class=\"elementor-button-text\">Je veux en savoir plus sur ce produit <\/span>\n\t\t<\/span>\n\t\t\t\t\t<\/a>\n\t\t<\/div>\n\t\t\t\t<\/div>\n\t\t\t\t<\/div>\n\t\t\t\t<div class=\"elementor-element elementor-element-631e4fa elementor-widget elementor-widget-spacer\" data-id=\"631e4fa\" data-element_type=\"widget\" data-widget_type=\"spacer.default\">\n\t\t\t\t<div class=\"elementor-widget-container\">\n\t\t\t\t\t<div class=\"elementor-spacer\">\n\t\t\t<div class=\"elementor-spacer-inner\"><\/div>\n\t\t<\/div>\n\t\t\t\t<\/div>\n\t\t\t\t<\/div>\n\t\t\t\t<div class=\"elementor-element elementor-element-27ddc26 elementor-widget elementor-widget-text-editor\" data-id=\"27ddc26\" data-element_type=\"widget\" data-widget_type=\"text-editor.default\">\n\t\t\t\t<div class=\"elementor-widget-container\">\n\t\t\t\t\t\t\tChoisissez enfin un \u00e9quipement de haute d\u00e9finition qui respecte toutes les exigences europ\u00e9ennes.\t\t\t\t\t\t<\/div>\n\t\t\t\t<\/div>\n\t\t\t\t\t<\/div>\n\t\t<\/div>\n\t\t\t\t\t\t\t<\/div>\n\t\t<\/section>\n\t\t\t\t\t\t\t<\/div>\n\t\t","protected":false},"excerpt":{"rendered":"<p>D\u00e9couvrez la nouvelle gamme d&#8217;ur\u00e9t\u00e9roscopes \u00e0 usage unique avec certification MDR Depuis 2014 la soci\u00e9t\u00e9 Hugemed se concentre sur la recherche et le d\u00e9veloppement d\u2019\u00e9quipements m\u00e9dicaux de hautes technologies. Devenue LEADER sur le march\u00e9 chinois Hugemed s\u2019est dot\u00e9 d\u2019une \u00e9quipe technique et commerciale forte d\u2019une exp\u00e9rience de plus de 20 ans, favorisant ainsi son d\u00e9veloppement [&hellip;]<\/p>\n","protected":false},"author":1,"featured_media":0,"parent":0,"menu_order":0,"comment_status":"closed","ping_status":"closed","template":"","meta":{"hide_page_title":"enabled","footnotes":""},"class_list":["post-50","page","type-page","status-publish","hentry"],"_links":{"self":[{"href":"https:\/\/medi-one.fr\/index.php\/wp-json\/wp\/v2\/pages\/50","targetHints":{"allow":["GET"]}}],"collection":[{"href":"https:\/\/medi-one.fr\/index.php\/wp-json\/wp\/v2\/pages"}],"about":[{"href":"https:\/\/medi-one.fr\/index.php\/wp-json\/wp\/v2\/types\/page"}],"author":[{"embeddable":true,"href":"https:\/\/medi-one.fr\/index.php\/wp-json\/wp\/v2\/users\/1"}],"replies":[{"embeddable":true,"href":"https:\/\/medi-one.fr\/index.php\/wp-json\/wp\/v2\/comments?post=50"}],"version-history":[{"count":116,"href":"https:\/\/medi-one.fr\/index.php\/wp-json\/wp\/v2\/pages\/50\/revisions"}],"predecessor-version":[{"id":585,"href":"https:\/\/medi-one.fr\/index.php\/wp-json\/wp\/v2\/pages\/50\/revisions\/585"}],"wp:attachment":[{"href":"https:\/\/medi-one.fr\/index.php\/wp-json\/wp\/v2\/media?parent=50"}],"curies":[{"name":"wp","href":"https:\/\/api.w.org\/{rel}","templated":true}]}}